{"id":24181,"date":"2025-05-13T21:28:32","date_gmt":"2025-05-13T20:28:32","guid":{"rendered":"https:\/\/tompoky.cz\/?page_id=24181"},"modified":"2025-05-13T21:42:56","modified_gmt":"2025-05-13T20:42:56","slug":"2025-2","status":"publish","type":"page","link":"https:\/\/tompoky.cz\/?page_id=24181","title":{"rendered":"2025"},"content":{"rendered":"\n<div class=\"ngg-pro-album nextgen_pro_list_album\" id=\"displayed_gallery_0ad6dcf2a6beff9d256299d9e246d2fb\">\n            <div class='image_container'>\n            <a href=\"https:\/\/tompoky.cz\/?page_id=24182\"\n               title=\"\"\n               class=\"gallery_link\"\n                                >\n                <picture>\n\t\n<source srcset='https:\/\/tompoky.cz\/wp-content\/gallery\/posledni-zivak-v-pohode-26-04-2025\/thumbs\/thumbs_455A1690.JPG' media=''>\n<img class=\"gallery_preview\" title=\"455A1690\" alt=\"455A1690\" style=\"max-width:none\" width=\"240\" height=\"160\" srcset=\"https:\/\/tompoky.cz\/wp-content\/gallery\/posledni-zivak-v-pohode-26-04-2025\/thumbs\/thumbs_455A1690.JPG\"\/>\n<\/picture>            <\/a>\n            <a href=\"https:\/\/tompoky.cz\/?page_id=24182\"\n               title=\"Posledn\u00ed \u017dIV\u00c1K v POHOD\u011a 26.04.2025\"\n               class=\"caption_link\" >Posledn\u00ed \u017dIV\u00c1K v POHOD\u011a 26.04.2025<\/a>\n            <div class=\"image_description\"><\/div>\n            <br class=\"clear\"\/>\n        <\/div>\n            <\/div>\n\n","protected":false},"excerpt":{"rendered":"","protected":false},"author":4,"featured_media":0,"parent":63,"menu_order":88,"comment_status":"closed","ping_status":"closed","template":"","meta":{"_mi_skip_tracking":false,"ngg_post_thumbnail":0},"_links":{"self":[{"href":"https:\/\/tompoky.cz\/index.php?rest_route=\/wp\/v2\/pages\/24181"}],"collection":[{"href":"https:\/\/tompoky.cz\/index.php?rest_route=\/wp\/v2\/pages"}],"about":[{"href":"https:\/\/tompoky.cz\/index.php?rest_route=\/wp\/v2\/types\/page"}],"author":[{"embeddable":true,"href":"https:\/\/tompoky.cz\/index.php?rest_route=\/wp\/v2\/users\/4"}],"replies":[{"embeddable":true,"href":"https:\/\/tompoky.cz\/index.php?rest_route=%2Fwp%2Fv2%2Fcomments&post=24181"}],"version-history":[{"count":4,"href":"https:\/\/tompoky.cz\/index.php?rest_route=\/wp\/v2\/pages\/24181\/revisions"}],"predecessor-version":[{"id":24294,"href":"https:\/\/tompoky.cz\/index.php?rest_route=\/wp\/v2\/pages\/24181\/revisions\/24294"}],"up":[{"embeddable":true,"href":"https:\/\/tompoky.cz\/index.php?rest_route=\/wp\/v2\/pages\/63"}],"wp:attachment":[{"href":"https:\/\/tompoky.cz\/index.php?rest_route=%2Fwp%2Fv2%2Fmedia&parent=24181"}],"curies":[{"name":"wp","href":"https:\/\/api.w.org\/{rel}","templated":true}]}}